*3 - 39*j**2 + 64*j - 25. Calculate q(18).
155
Let b(a) = -3*a**3 - 857*a**2 + 264*a - 6301. Determine b(-286).
-9
Let j(u) = -122*u - 10143. Calculate j(-84).
105
Let z(g) = 71*g - 694. Determine z(9).
-55
Let o(k) = -4*k**2 - 47*k + 45. What is o(-12)?
33
Let k(i) = 187*i - 223. Calculate k(3).
338
Let k(i) = -i**3 + 11*i**2 + 54*i - 652. What is k(9)?
-4
Let j(d) = d**3 - 77*d**2 - 681*d + 227. Calculate j(85).
142
Let m(r) = -r**2 + 83*r - 479. Give m(6).
-17
Let m(w) = 153*w + 21568. Give m(-141).
-5
Let b(n) = 115*n - 645. What is b(6)?
45
Let q(a) = -343*a**2 + 178*a + 178. Determine q(-1).
-343
Let s(b) = b**2 - 42*b - 7655. Determine s(-69).
4
Let k(j) = -8*j - 181. Give k(0).
-181
Let c(a) = 350*a + 10145. Determine c(-29).
-5
Let h(i) = -653*i + 5915. Determine h(9).
38
Let x(f) = -29*f + 1350. Calculate x(45).
45
Let a(x) = 15*x + 150. What is a(-9)?
15
Let z(w) = -w**3 + 9*w**2 - 183*w + 1581. Determine z(9).
-66
Let p(s) = -6*s**2 - 103*s - 19. Give p(-14).
247
Let w(u) = 3*u**3 + 301*u**2 - 205*u - 298. Determine w(-101).
5
Let u(k) = -1924*k + 3845. Determine u(2).
-3
Let o(h) = 239*h + 1129. What is o(-5)?
-66
Let s(c) = 4*c**3 + 997*c**2 + 256*c + 1747. What is s(-249)?
4
Let h(g) = -129*g + 700. Calculate h(10).
-590
Let z(k) = 13*k - 187. Give z(8).
-83
Let i(n) = -n**3 - 28*n**2 - 71*n + 12. Calculate i(-25).
-88
Let d(n) = -8*n**2 - 175*n - 103. Calculate d(-21).
44
Let v(w) = 2*w**3 + 15*w**2 - 44*w + 30. Give v(-10).
-30
Let b(m) = -m**2 - 11*m + 109. Give b(-17).
7
Let b(a) = 3*a**3 - 22*a**2 - 30*a + 120. Calculate b(8).
8
Let o(x) = x**2 + 322*x + 1271. Calculate o(-4).
-1
Let i(c) = 144*c + 4748. What is i(-33)?
-4
Let f(t) = -723*t - 1442. Calculate f(-2).
4
Let x(m) = 15*m**3 + m**2 - m. Determine x(1).
15
Let i(a) = 70*a - 4902. What is i(70)?
-2
Let l(k) = -k**3 - 48*k**2 + 38*k + 9. Determine l(1).
-2
Let k(z) = 495*z - 10892. What is k(22)?
-2
Let h(o) = -33*o - 357. Give h(-8).
-93
Let j(o) = -o**3 + 15*o**2 - 15*o + 66. What is j(14)?
52
Let a(q) = -2*q + 22. What is a(-11)?
44
Let m(i) = i**3 + 34*i**2 - 57*i - 724. What is m(-35)?
46
Let c(m) = 1169*m + 37417. Determine c(-32).
9
Let q(f) = -116*f + 468. Calculate q(4).
4
Let u(x) = -x**2 - 6*x - 11. Calculate u(-15).
-146
Let l(t) = -t**2 + 42*t + 10. Calculate l(38).
162
Let q(b) = -212*b + 2331. What is q(11)?
-1
Let q(g) = -365*g + 47803. What is q(131)?
-12
Let z(i) = i**3 - 114*i**2 - 2683*i + 399. Calculate z(134).
-3
Let n(y) = -y**2 - 156*y - 5982. What is n(-72)?
66
Let h(w) = -34*w - 528. Calculate h(-15).
-18
Let j(o) = -12473*o - 6. Give j(0).
-6
Let k(u) = u**3 - 13*u**2 - 46*u - 26. Determine k(16).
6
Let g(c) = -174*c - 1360. Give g(0).
-1360
Let q(b) = 227*b**3 + 2*b**2 + 3*b - 3. Give q(1).
229
Let b(m) = -11*m + 259. Calculate b(25).
-16
Let w(k) = 26*k - 713. Calculate w(31).
93
Let a(h) = 4*h**2 + 5*h + 20. What is a(-8)?
236
Let t(d) = -2*d**3 + 10*d**2 + 6*d - 12. Calculate t(5).
18
Let a(b) = -186*b + 37224. Calculate a(200).
24
Let m(g) = -g**2 + 30*g + 26668. Calculate m(-149).
-3
Let u(w) = -w**3 - 17*w**2 - 50*w - 110. Calculate u(-14).
2
Let j(c) = 367*c**2 + 20*c + 19. What is j(-1)?
366
Let p(q) = -q**3 - 19*q**2 + 15*q + 84. Calculate p(-20).
184
Let m(d) = d**3 + 56*d**2 - 130*d - 862. What is m(-58)?
-50
Let z(p) = 217*p + 865. Give z(-4).
-3
Let y(n) = -2*n**3 - 14*n**2 - 5*n - 23. Determine y(-7).
12
Let j(s) = 1833*s + 5512. Calculate j(-3).
13
Let h(y) = 2*y**2 + 198*y + 1429. Give h(-91).
-27
Let b(c) = -30841*c - 61688. Calculate b(-2).
-6
Let i(s) = 45*s**3 - 5*s - 4. What is i(-1)?
-44
Let b(x) = -x**2 - 47*x - 541. Calculate b(-41).
-295
Let w(y) = -387*y - 17785. Give w(-46).
17
Let x(a) = -a**2 + 33*a - 222. What is x(9)?
-6
Let o(q) = -322*q + 2549. Give o(8).
-27
Let h(z) = -22*z + 3066. Calculate h(137).
52
Let y(s) = -s**3 - 138*s**2 + 610*s + 5924. What is y(-142)?
-40
Let p(l) = 14*l + 75. Give p(-9).
-51
Let u(k) = 81*k + 14. What is u(3)?
257
Let d(l) = 14*l**2 - 8*l - 34. What is d(8)?
798
Let n(s) = 818*s - 759. Give n(1).
59
Let h(y) = -2*y**3 + y**2 + 231*y - 4. Determine h(11).
-4
Let d(r) = 86*r - 87. Determine d(1).
-1
Let p(d) = 2*d**3 - 44*d**2 - 53*d + 170. Determine p(23).
9
Let c(v) = v**2 + 136*v + 2498. Determine c(-22).
-10
Let i(z) = -3*z**2 - 2121*z - 18840. Determine i(-9).
6
Let x(g) = -g**3 - 11*g**2 + 4*g + 190. Give x(-10).
50
Let f(s) = -s**3 + 13*s**2 + 93*s + 375. Give f(19).
-24
Let x(q) = q**2 - 18*q + 27. Give x(13).
-38
Let s(r) = r**3 + 3*r**2 - 35. What is s(-10)?
-735
Let s(u) = 5*u**3 + 112*u**2 + 45*u - 8. Calculate s(-22).
-30
Let q(k) = -40*k - 1655. Give q(-39).
-95
Let p(v) = 9*v**2 - 67*v - 102. Calculate p(10).
128
Let s(t) = -t**2 + 12*t - 28. What is s(7)?
7
Let n(d) = -d**3 - 34*d**2 + 6*d - 14. What is n(-34)?
-218
Let a(t) = -t**3 + 20*t**2 - 82. What is a(20)?
-82
Let g(m) = m**3 - 8*m**2 + 21*m + 4. Give g(4).
24
Let j(s) = 4*s**3 - 28*s**2 + s - 37. Determine j(7).
-30
Let g(m) = 28*m**3 + 190*m**2 - 275*m - 22. Calculate g(-8).
2
Let i(s) = 4*s**3 + 10*s**2 + 2*s + 7. Determine i(-3).
-17
Let p(f) = -158*f - 381. Determine p(-1).
-223
Let f(n) = 264*n + 1315. Calculate f(-5).
-5
Let r(w) = -3*w**3 - 65*w**2 - 202*w - 64. Calculate r(-18).
8
Let k(a) = -243*a - 15308. Determine k(-63).
1
Let n(h) = 58*h**2 - 404*h - 4. Calculate n(7).
10
Let d(j) = 4*j - 412. Calculate d(102).
-4
Let w(o) = 1511*o - 4542. Calculate w(3).
-9
Let w(q) = 930*q - 2042. What is w(3)?
748
Let y(z) = z**3 - 4*z**2 + 4*z. Calculate y(-1).
-9
Let g(b) = b**3 - 8*b**2 + 8*b - 21. Give g(10).
259
Let h(q) = -2*q**3 + 45*q**2 - 26*q + 70. What is h(22)?
-18
Let m(t) = -t**3 - 26*t**2 - 151*t + 31. Calculate m(-17).
-3
Let a(q) = 2*q**2 + 109*q + 741. Determine a(-7).
76
Let k(m) = 12*m**2 + 114*m - 13. Calculate k(-9).
-67
Let v(m) = 617*m**2 - 4318*m - 8. Calculate v(7).
-1
Let d(n) = 5*n**3 - 9*n**2 + n - 39. Calculate d(4).
141
Let m(s) = -888*s + 3561. What is m(4)?
9
Let l(z) = -2*z**2 + 43*z - 91. Determine l(2).
-13
Let p(n) = -9*n**2 - 512*n - 1548. Give p(-3).
-93
Let s(o) = -o**2 + 101*o + 1230. Determine s(112).
-2
Let h(a) = 32*a**2 - 46*a. Calculate h(1).
-14
Let f(h) = -4*h**2 + h + 27. What is f(-8)?
-237
Let g(z) = 357*z - 985. Give g(3).
86
Let c(j) = 151*j + 1494. Determine c(-10).
-16
Let b(d) = d**3 - 19*d**2 + 48. Give b(18).
-276
Let w(u) = -u**3 - 2*u**2 + 21*u - 7. Calculate w(0).
-7
Let c(o) = -12*o**3 + 193*o**2 - 20*o + 36. Give c(16).
-28
Let l(g) = -2*g**2 + 178*g + 5418. Determine l(-24).
-6
Let s(p) = 193*p + 9839. What is s(-51)?
-4
Let m(i) = 75*i**2 + 820*i - 14. Give m(-11).
41
Let j(h) = h**3 + 78*h**2 + 149*h - 229. What is j(-76)?
-1
Let f(p) = 13*p**3 - p**2 + 55*p - 176. Determine f(3).
331
Let d(g) = -g**3 - 7*g**2 + 11*g + 26. Determine d(-8).
2
Let v(d) = -70*d + 371. What is v(3)?
161
Let z(r) = 654*r + 4582. Calculate z(-7).
4
Let f(z) = -8*z**2 + 611*z + 1627. Determine f(79).
-32
Let v(h) = -3023*h - 21163. What is v(-7)?
-2
Let x(m) = 29*m**2 - 215*m + 214. Give x(1).
28
Let r(q) = 4*q**2 - 315*q + 238. Determine r(78).
4
Let z(h) = -h**3 - 4*h**2 + 2*h + 8. Give z(-3).
-7
Let c(d) = -d**2 + 63*d + 489. Determine c(70).
-1
Let k(o) = o**3 - 27*o**2 - 31*o + 120. Give k(28).
36
Let u(i) = -32*i**2 + 75*i + 11. What is u(3)?
-52
Let m(n) = -4*n**3 - 10*n**2 - 6*n - 7. Determine m(-2).
-3
Let c(i) = -i**3 - 30*i**2 - 93*i - 323. Calculate c(-27).
1
Let i(o) = 174*o - 834. Calculate i(5).
36
Let k(w) = 2*w**2 + 89*w + 230. Calculate k(-41).
-57
Let c(y) = 174*y - 3132. Determine c(18).
0
Let a(o) = o**3 + 57*o**2 + 356*o + 54. Determine a(-50).
-246
Let w(u) = -20*u - 21. Calculate w(-4).
59
Let v(n) = -180*n + 3403. Calculate v(18).
163
Let n(r) = -2*r**2 - 6*r + 1067. Determine n(22).
-33
Let w(c) = -16*c**2 - 2*c + 3. Determine w(2).
-65
Let v(k) = -312*k - 4035. Calculate v(-13).
21
Let i(g) = 807*g - 4846. Calculate i(6).
-4
Let t(b) = 3*b**3 - 72*b**2 - 22*b + 78. Give t(24).
-450
Let b(x) = x**2 + 311*x + 3564. Determine b(-12).
-24
Let v(n) = -n**3 - 12*n**2 + 11*n - 52. Calculate v(-13).
-26
Let g(b) = 629*b - 14488. Calculate g(23).
-21
Let t(x) = -3*x**3 + 15*x**2 + 20*x - 10. Give t(6).
2
Let h(z) = 275*z + 808. Determine h(-